3
Calculate the remainder when 411521 is divided by 625.
271
What is the remainder when 484441 is divided by 96536?
1761
What is the remainder when 25909782 is divided by 150638?
46
Calculate the remainder when 815394 is divided by 2965.
19
Calculate the remainder when 114542 is divided by 536.
374
Calculate the remainder when 10753197 is divided by 435.
432
What is the remainder when 83244 is divided by 7?
0
What is the remainder when 49783279 is divided by 8297210?
19
Calculate the remainder when 2582615 is divided by 77.
35
What is the remainder when 59857 is divided by 1356?
193
Calculate the remainder when 412629 is divided by 190.
139
What is the remainder when 187268 is divided by 7801?
44
Calculate the remainder when 119544 is divided by 2372.
944
Calculate the remainder when 201607 is divided by 482.
131
Calculate the remainder when 8448 is divided by 780.
648
Calculate the remainder when 307642 is divided by 1710.
1552
What is the remainder when 11617873 is divided by 3872604?
61
What is the remainder when 7909649 is divided by 1890?
1889
What is the remainder when 51724083 is divided by 97?
94
What is the remainder when 15011 is divided by 2390?
671
Calculate the remainder when 104680 is divided by 4967.
373
What is the remainder when 2014758 is divided by 697?
428
Calculate the remainder when 2323436 is divided by 34678.
10
Calculate the remainder when 25163377 is divided by 11.
8
What is the remainder when 19435 is divided by 674?
563
What is the remainder when 2429237 is divided by 13724?
89
What is the remainder when 6239670 is divided by 2016?
150
What is the remainder when 7833 is divided by 1114?
35
Calculate the remainder when 5313 is divided by 3924.
1389
What is the remainder when 96969 is divided by 23278?
3857
What is the remainder when 2564658 is divided by 854866?
60
Calculate the remainder when 252692 is divided by 886.
182
Calculate the remainder when 2129021 is divided by 709671.
8
Calculate the remainder when 11965874 is divided by 548.
294
Calculate the remainder when 4858685 is divided by 2737.
510
What is the remainder when 1092504 is divided by 11500?
4
What is the remainder when 22089349 is divided by 5522335?
9
Calculate the remainder when 325669 is divided by 269.
179
What is the remainder when 10051181 is divided by 22?
19
What is the remainder when 4469268 is divided by 2788?
104
Calculate the remainder when 96898 is divided by 8806.
32
What is the remainder when 1474973 is divided by 1208?
5
What is the remainder when 29365 is divided by 1442?
525
Calculate the remainder when 36292365 is divided by 2461.
2459
Calculate the remainder when 7311866 is divided by 1003.
999
What is the remainder when 1890514 is divided by 270072?
10
Calculate the remainder when 96586 is divided by 2276.
994
Calculate the remainder when 798969 is divided by 563.
72
What is the remainder when 343032 is divided by 115?
102
Calculate the remainder when 252144 is divided by 139.
137
What is the remainder when 228433 is divided by 985?
898
What is the remainder when 49461174 is divided by 570?
564
What is the remainder when 2320295 is divided by 242?
241
Calculate the remainder when 453361055 is divided by 16.
15
Calculate the remainder when 544227142 is divided by 19.
15
What is the remainder when 204762 is divided by 204757?
5
Calculate the remainder when 21773 is divided by 1670.
63
What is the remainder when 422468 is divided by 696?
692
Calculate the remainder when 1804076 is divided by 24.
20
Calculate the remainder when 762895 is divided by 12679.
2155
Calculate the remainder when 403 is divided by 15.
13
Calculate the remainder when 17742467 is divided by 60.
47
Calculate the remainder when 32900 is divided by 16410.
80
What is the remainder when 867146 is divided by 45?
41
What is the remainder when 1419026 is divided by 5179?
5159
What is the remainder when 24005151 is divided by 32?
31
What is the remainder when 89719634 is divided by 44?
26
Calculate the remainder when 85768179 is divided by 12121.
12104
Calculate the remainder when 165149554 is divided by 7180415.
9
What is the remainder when 6389 is divided by 404?
329
Calculate the remainder when 588159 is divided by 19.
14
Calculate the remainder when 653811 is divided by 470.
41
Calculate the remainder when 2169 is divided by 243.
225
What is the remainder when 489293 is divided by 142?
103
Calculate the remainder when 1337566 is divided by 445855.
1
What is the remainder when 1012690 is divided by 337405?
475
What is the remainder when 424038 is divided by 174?
0
What is the remainder when 239303 is divided by 67?
46
What is the remainder when 2939990 is divided by 24?
14
What is the remainder when 48374 is divided by 21793?
4788
What is the remainder when 995866 is divided by 8891?
74
Calculate the remainder when 75404526 is divided by 408.
6
What is the remainder when 116413 is divided by 75?
13
Calculate the remainder when 5561366 is divided by 104931.
23
What is the remainder when 290475 is divided by 2847?
81
Calculate the remainder when 79723595 is divided by 3153.
3143
What is the remainder when 69047 is divided by 255?
197
Calculate the remainder when 10203 is divided by 1129.
42
Calculate the remainder when 47977 is divided by 3679.
150
What is the remainder when 12146804 is divided by 223?
217
What is the remainder when 124292 is divided by 68?
56
Calculate the remainder when 384016 is divided by 29532.
100
What is the remainder when 113859 is divided by 133?
11
What is the remainder when 47512814 is divided by 4?
2
Calculate the remainder when 15531408 is divided by 7904.
48
What is the remainder when 48859 is divided by 8120?
139
What is the remainder when 297659519 is divided by 2480?
2479
Calculate the remainder when 34958 is divided by 222.
104
Calculate the remainder when 104932314 is divided by 48.
42
What is the remainder when 11543411 is divided by 457?
48
What is the remainder when 248619 is divided by 6717?
90
What is the remainder when 2561131 is divided by 98?
97
What is the remainder when 13123844 is divided by 504763?
6
Calculate the remainder when 268531 is divided by 131970.
4591
Calculate the remainder when 110454 is divided by 22054.
184
What is the remainder when 454707 is divided by 454627?
80
Calculate the remainder when 1845076 is divided by 461258.
44
Calculate the remainder when 453608 is divided by 9255.
113
Calculate the remainder when 7100263 is divided by 42.
37
Calculate the remainder when 459300 is divided by 459223.
77
Calculate the remainder when 2138943 is divided by 13.
1
Calculate the remainder when 6706601 is divided by 24.
17
Calculate the remainder when 21904729 is divided by 1518.
1507
Calculate the remainder when 3264548 is divided by 86.
74
What is the remainder when 30736 is divided by 10149?
289
What is the remainder when 136012 is divided by 135827?
185
Calculate the remainder when 5073 is divided by 4861.
212
What is the remainder when 116750 is divided by 116309?
441
Calculate the remainder when 24324981 is divided by 4.
1
Calculate the remainder when 10050428 is divided by 2512569.
152
What is the remainder when 3158142 is divided by 84?
78
Calculate the remainder when 958187 is divided by 366.
365
Calculate the remainder when 993007 is divided by 3424.
47
Calculate the remainder when 30139 is divided by 969.
100
What is the remainder when 491689676 is divided by 6320?
6316
What is the remainder when 337003 is divided by 3247?
2562
Calculate the remainder when 54533 is divided by 1161.
1127
What is the remainder when 23686961 is divided by 206?
51
Calculate the remainder when 183752 is divided by 934.
688
What is the remainder when 126630 is divided by 3416?
238
What is the remainder when 1115725 is divided by 383?
46
What is the remainder when 18920660 is divided by 252?
248
Calculate the remainder when 2053312 is divided by 1552.
16
Calculate the remainder when 17077 is divided by 6822.
3433
Calculate the remainder when 467720 is divided by 3126.
1946
What is the remainder when 2328940 is divided by 465776?
60
What is the remainder when 23221807 is divided by 56?
7
Calculate the remainder when 3535088 is divided by 14028.
32
What is the remainder when 1184214 is divided by 1503?
1353
Calculate the rem